- 11834*v**2 - 3337*v + 36339. Calculate h(-845).
4
Let o(n) = 334*n + 29396. Calculate o(-88).
4
Let x(f) = -4*f**3 - 102*f**2 - 188*f + 59. What is x(-24)?
1115
Let c(o) = 321*o**2 + 27292*o + 591. What is c(-85)?
-4
Let b(o) = 2*o**2 - 13280*o + 172406. Give b(13).
104
Let v(y) = 46*y**2 + 20819*y - 8611. Calculate v(-453).
-4
Let r(n) = n**3 + 30*n**2 + 46*n + 861. Determine r(-31).
-1526
Let x(s) = -314*s - 3041. Determine x(-10).
99
Let d(j) = -6*j**2 - 237*j + 1198. Give d(5).
-137
Let x(p) = -39*p**2 + 432*p - 133. What is x(11)?
-100
Let l(m) = -4*m**2 - 265*m - 1942. What is l(-59)?
-231
Let g(o) = -6*o**3 - 582*o**2 - 620*o - 4232. Give g(-96).
-8
Let s(p) = p**3 + 52*p**2 + 440*p + 848. Calculate s(-42).
8
Let o(w) = 24144*w - 48286. What is o(2)?
2
Let v(q) = 9976*q - 89805. Determine v(9).
-21
Let m(f) = 5*f**2 + 212*f + 1565. Determine m(-33).
14
Let p(o) = 94*o + 1182. Determine p(-10).
242
Let j(k) = -2537*k - 93861. Determine j(-37).
8
Let y(k) = 968*k**3 + 8*k**2 + 61*k + 49. Calculate y(-1).
-972
Let w(k) = -54604*k - 709847. Give w(-13).
5
Let c(x) = -2*x**3 + 13037*x - 26078. Give c(2).
-20
Let c(n) = -49*n**3 - 3*n**2 - 31*n - 55. Give c(-2).
387
Let n(y) = y**3 - 223*y**2 + 234*y - 3675. What is n(222)?
-1011
Let a(t) = -475*t - 55028. What is a(-114)?
-878
Let l(q) = 7*q**3 + q**2 + 736*q + 1469. Determine l(-2).
-55
Let c(d) = -4*d**2 - 28278*d + 56559. Determine c(2).
-13
Let n(t) = t**3 - 126*t**2 + 1818*t - 162311. Give n(122).
-51
Let m(h) = -h**3 - 59*h**2 - 188*h + 688. What is m(-56)?
1808
Let s(t) = 3248*t**2 - 1397*t + 5. What is s(1)?
1856
Let u(q) = -25*q**3 + 203*q**2 - 17*q - 2. What is u(8)?
54
Let n(k) = 30*k**2 + 4397*k - 171426. Calculate n(32).
-2
Let b(m) = -1440*m - 41835. Determine b(-29).
-75
Let m(u) = u**2 - 4144*u + 337057. Give m(83).
-6
Let y(c) = -12*c**3 - 97*c**2 - 4868*c - 38887. Calculate y(-8).
-7
Let x(d) = -3*d**3 + 101*d**2 - 32*d + 2136. Calculate x(34).
-108
Let m(i) = 285*i + 161709. Determine m(-567).
114
Let y(b) = 17163*b + 617894. Calculate y(-36).
26
Let b(q) = 18*q**2 + 524*q - 9706. Determine b(-42).
38
Let w(y) = 1075*y + 46229. Give w(-43).
4
Let c(f) = -f**2 + 9811*f - 5084879. Give c(549).
-41
Let q(p) = -2327*p + 1235646. Calculate q(531).
9
Let q(y) = -y**2 + 90*y + 3575. Determine q(106).
1879
Let u(c) = -c**3 + 128*c**2 - 272*c + 17761. Give u(127).
-654
Let p(l) = -2*l**3 + 205*l**2 - 1064*l - 288. Determine p(97).
3
Let g(o) = -107*o**3 + 127*o**2 + 127*o - 1. Give g(-1).
106
Let t(j) = j**2 + 1902*j + 163087. Calculate t(-90).
7
Let f(c) = 3*c**2 - 223*c - 8532. What is f(109)?
2804
Let n(a) = -a**2 + 987521*a + 16788141. Determine n(-17).
-5
Let u(y) = -2023*y - 18294. Give u(-9).
-87
Let b(y) = 1959*y**2 - 6276*y + 1219. Determine b(3).
22
Let h(t) = -1831*t - 122908. Determine h(-67).
-231
Let s(a) = -2*a**3 + 26*a**2 + 270. What is s(14)?
-122
Let q(b) = 1129*b + 25993. What is q(-23)?
26
Let d(p) = 442*p + 5448. Calculate d(-14).
-740
Let l(b) = -57358*b + 2466310. Calculate l(43).
-84
Let p(t) = -3*t**3 - 25*t**2 - 528*t - 3501. What is p(-7)?
-1
Let k(y) = 2434*y + 36460. Give k(-15).
-50
Let b(m) = -179*m**2 + 36326*m + 2247. What is b(203)?
14
Let y(w) = -w**3 - 4*w**2 + 121*w + 194. Give y(-13).
142
Let j(x) = -2764*x - 99249. Determine j(-37).
3019
Let n(g) = 3*g**2 - 355*g + 2302. Determine n(7).
-36
Let s(x) = 3*x**2 - 4723*x + 23554. Calculate s(5).
14
Let n(s) = 945*s - 11035. What is n(9)?
-2530
Let y(c) = 466*c**2 + 12344*c - 6402. Determine y(-27).
24
Let l(x) = -57236*x + 228948. What is l(4)?
4
Let t(v) = -1079*v - 18031. What is t(-18)?
1391
Let c(j) = 1777*j - 20294. Calculate c(10).
-2524
Let o(r) = 3*r**3 - 2029*r**2 + 8718*r + 12094. Give o(672).
-2
Let k(z) = 31806*z + 127295. Determine k(-4).
71
Let w(n) = -228*n - 13855. Calculate w(-60).
-175
Let j(a) = 3*a**2 - 92497*a + 13. Give j(0).
13
Let n(s) = 70150*s - 3998549. Calculate n(57).
1
Let r(p) = -p**3 - 287*p**2 - 263*p + 6634. Calculate r(-286).
56
Let l(a) = -2*a**3 - 81*a**2 - 615*a + 168. What is l(-32)?
2440
Let i(v) = v**2 + 725682*v - 1. Calculate i(0).
-1
Let v(o) = -o**3 - 37*o**2 - 69*o - 141. Determine v(-35).
-176
Let y(x) = 3*x**2 - 8536*x + 17073. Give y(2).
13
Let d(l) = -l**3 + 83*l**2 + 896*l + 3536. Give d(93).
374
Let l(i) = -i**3 + 36*i**2 + 104*i - 264. Calculate l(38).
800
Let y(q) = q**3 - 210*q**2 + 1077*q - 10503. Give y(205).
157
Let i(z) = -z**3 + 9*z**2 + z - 61. Give i(12).
-481
Let q(i) = -8710*i - 43560. Determine q(-5).
-10
Let g(y) = -y**3 - 72*y**2 + 1015*y + 609. Give g(-84).
21
Let x(u) = -u**3 + 174*u**2 + 7553*u + 2243. Determine x(210).
773
Let g(l) = l**2 + 2761*l + 316930. Give g(-120).
10
Let o(n) = -4685*n + 337296. Give o(72).
-24
Let c(j) = 135*j - 26405. Give c(195).
-80
Let c(g) = 6*g**3 + 482*g**2 + 156*g + 158. Give c(-80).
478
Let i(v) = -v**2 - 65751*v + 47590370. Give i(716).
-2
Let k(i) = -251339*i + 3770109. Determine k(15).
24
Let g(d) = -d**3 + 49*d**2 + 82*d - 1289. Give g(49).
2729
Let k(p) = 16*p + 864. What is k(35)?
1424
Let z(h) = -26206*h + 183457. Give z(7).
15
Let c(o) = 14630*o + 234090. What is c(-16)?
10
Let h(y) = 157*y**2 + 5494*y + 40. Give h(-35).
75
Let h(j) = 260*j + 32162. Calculate h(-124).
-78
Let r(h) = -5*h**2 - 250*h - 3122. Determine r(-24).
-2
Let m(t) = 2*t**2 + 758*t + 69012. Determine m(-152).
4
Let y(f) = f**3 + 74*f**2 + 1315*f - 28. Determine y(-25).
-2278
Let l(i) = 14*i**2 - 552*i + 579. Calculate l(38).
-181
Let o(z) = 356*z + 24343. What is o(-66)?
847
Let x(r) = -r**3 + 111*r**2 + 947*r + 454. Calculate x(119).
-141
Let y(o) = o**3 + 92*o**2 + 438*o - 397. Determine y(-87).
-658
Let d(c) = 1663*c + 10315. Calculate d(-6).
337
Let k(u) = 20*u**2 + 101*u - 202. Give k(2).
80
Let l(p) = 14152*p - 42456. Calculate l(3).
0
Let j(f) = 1454*f**2 - 7273*f + 7. Give j(5).
-8
Let v(w) = -2*w**3 - 16*w**2 + 74*w + 608. What is v(-8)?
16
Let w(t) = 5736*t + 304242. Determine w(-53).
234
Let k(t) = -t**3 + 154*t**2 + 549*t - 4056. Calculate k(-7).
-10
Let u(o) = -o**2 + 50*o + 277. Give u(46).
461
Let m(a) = a**3 - 59*a**2 + 240*a - 4216. Give m(56).
-184
Let d(a) = -118*a + 4964. Calculate d(40).
244
Let f(o) = -o**3 + 114*o**2 - 11*o + 28195. Give f(116).
7
Let u(a) = -3*a**2 + 149*a + 1377. Calculate u(-8).
-7
Let v(z) = -z**2 - 3560*z - 56833. Calculate v(-16).
-129
Let c(l) = -48382*l + 193542. Determine c(4).
14
Let i(q) = q**3 + 13*q**2 + 926*q + 10920. Give i(-12).
-48
Let n(w) = 5*w**3 - 3738*w**2 + 2133*w + 80682. Calculate n(747).
6
Let k(l) = 38*l**2 + 74*l - 866. Give k(-6).
58
Let c(i) = -i**3 - 14*i**2 - 651*i - 29201. What is c(-28)?
3
Let h(t) = t**2 + 52*t - 759. Determine h(12).
9
Let z(a) = a**2 + 192*a - 25928. Calculate z(91).
-175
Let c(x) = -x**3 - 59*x**2 - 691*x - 27. Give c(-14).
827
Let d(n) = -n**2 - 1033*n - 10253. Determine d(-10).
-23
Let f(l) = l**3 - 3004*l**2 - 18045*l - 8. What is f(-6)?
-98
Let q(h) = 390*h + 1857. Calculate q(-5).
-93
Let i(p) = 2*p**2 - 29*p - 885. Calculate i(-17).
186
Let p(g) = -g**3 - 41*g**2 + 2031*g - 33. What is p(29)?
-4
Let f(z) = -z**3 + 36*z**2 + 101*z - 302. Calculate f(40).
-2662
Let a(g) = -g**3 + 241*g**2 - 12558*g + 2951. Give a(165).
-19
Let y(v) = 286874*v + 2008107. Calculate y(-7).
-11
Let x(w) = 6*w**2 - 80*w - 2458. Calculate x(28).
6
Let q(u) = 94467*u + 283390. Determine q(-3).
-11
Let u(k) = -2*k**3 + 350*k**2 + 18192*k - 1497. Calculate u(-42).
15
Let f(v) = -185*v**2 + 721*v + 65. Give f(4).
-11
Let h(s) = -s**2 + 312*s + 67480. Give h(-147).
7
Let t(q) = 2*q**2 + 7*q - 2109. Determine t(31).
30
Let w(t) = -2*t**3 - 56*t**2 - 206*t - 1378. What is w(-25)?
22
Let y(b) = -39*b**2 + 2985*b + 10864. What is y(80)?
64
Let b(f) = -f**3 - 114*f**2 + 1551*f + 4647. What is b(-126)?
-267
Let a(c) = -c**2 - 10997*c - 514658. Give a(-47).
-8
Let m(y) = 2*y**2 - 1116*y - 164322. Determine m(679).
-4
Let c(q) = 2890*q + 184918. What is c(-64)?
-42
Let q(s) = s**3 + 141*s**2 + 4198*s - 393. Give q(-43).
295
Let d(o) = -4*o**2 + 270*o - 2044. What is d(8)?
-140
Let r(i) = 49*i**2 + 1616*i + 1531. What is r(-32)?
-5
Let i(d) = d**3 + 176*d**2 + 2323*d + 136936. Give i(-167).
-4
Let a(h) = -236*h - 2294. What is a(-14)?
1010
Let p(a